e -2*v + 0*v = -5*m - 108, -v - 5*m + 54 = 0. What is the highest common divisor of h and v?
18
Let r be -14 - -15 - (0 - (0 + -10)). Let f = r + 81. What is the highest common divisor of f and 18?
18
Let d be (-9 - -11)/((-6)/(-504)). What is the greatest common factor of d and 1792?
56
Let v = -57 + 77. Let b = -3 - 1. Let q = b + 8. Calculate the highest common divisor of v and q.
4
Suppose 0 = 25*h + 171 - 1396. Calculate the greatest common divisor of 84 and h.
7
Let q be (-2)/(4/(-18)) - 3. Suppose -q*u + 5*u = 0. Suppose u = i - 5*z - 26, 94 = 4*i - 3*z + 24. Calculate the highest common divisor of i and 144.
16
Suppose 17*p + 275 = 22*p. Suppose -5*i = -4*o - 491, o = -2*i + 131 + p. Calculate the greatest common factor of 19 and i.
19
Suppose 5*x + 0*x - 65 = 0. Suppose -24*g - 41 + 2225 = 0. Calculate the highest common factor of x and g.
13
Let c = -59 - -86. Let r be (-24)/16*(1 - c). What is the highest common factor of r and 52?
13
Suppose 2*m + 2*h - 116 = 6*h, 5*h + 25 = 0. What is the greatest common factor of m and 18?
6
Let l be -4*5/(-20) - (-180 - -1). Let c = l - 129. What is the highest common factor of 153 and c?
51
Suppose -b = -3*j + 385, 4*j - 300 = -2*b + 210. Calculate the highest common divisor of j and 832.
64
Suppose u + 94*r - 112 = 96*r, 3*u = -3*r + 336. Calculate the highest common divisor of 80 and u.
16
Let t = -293 - -161. Let d be t/(-3) + (0 - (0 - 1)). Calculate the highest common divisor of d and 90.
45
Suppose -4*d + 169 - 25 = 0. Suppose 25 - 619 = -11*y. Calculate the greatest common divisor of y and d.
18
Let a = 97 + -18. Let o = 48 - a. Let z = o - -45. Calculate the highest common factor of z and 14.
14
Let n = 9299 + -9285. Suppose 20 = k + 4*k. What is the greatest common divisor of k and n?
2
Let b(i) = -i**3 + 31*i**2 - 59*i + 32. Let y be b(29). Suppose 0 = m - y*k - 32, 3*k + 0*k = 3. What is the highest common factor of 35 and m?
35
Let n = 8 - 6. Suppose -22 = -4*b - c + 3*c, n*b - 9 = -c. Suppose 5 = b*f - 20. What is the highest common factor of 5 and f?
5
Suppose 5*m - 4*x = 3*m + 12, 4*m - 14 = 3*x. Suppose 2*a = 76 + m. What is the greatest common divisor of a and 390?
39
Let g = -189 + 100. Let n be (g/(-3))/(16/48). Let s = 106 + n. Calculate the highest common factor of 39 and s.
39
Let u be ((-51)/34)/(4/(-792)). What is the greatest common factor of 54 and u?
27
Let r(p) = 7*p - 73. Let c be r(11). Suppose -4*k = l - 797, 2*k - c*l + 0*l = 412. Calculate the greatest common factor of k and 80.
40
Suppose -5*r = -25, i - 15*r + 12*r = 13. Calculate the highest common factor of 196 and i.
28
Suppose 5*i = 211 - 41. Let z = -1 + 1. Suppose c + a = i - 7, z = -5*c + 2*a + 114. What is the highest common factor of 24 and c?
24
Let l be (-255)/20 - (-4)/(-16). Let k = 25 + l. What is the greatest common divisor of k and 36?
12
Let n(a) = 167*a**2 + 2*a - 1. Let r be n(1). Let z = r - 88. Suppose 321*b - 322*b + 10 = 0. Calculate the highest common divisor of z and b.
10
Let d be (15648/112)/(3/14). Let a = d + -190. What is the greatest common divisor of a and 42?
42
Suppose -56 = -0*v - v. Suppose 4*c - 4 = -v. Let k = c - -23. Calculate the greatest common divisor of 2 and k.
2
Suppose 0 = -2*b - 2*s, -5*s - 7 = -2. Suppose 17 = w - 4*p, -4*w - 7*p + 5 = -2*p. What is the highest common factor of w and b?
1
Let k be 2/(-8) - (-5)/20. Suppose k = w - 114 + 9. Calculate the greatest common factor of w and 15.
15
Suppose 4*g + 4*n - 592 = 0, -n + 5*n = g - 123. Let p = 538 + -527. Calculate the highest common divisor of g and p.
11
Suppose 0 = 5*q + f - 1750, 5*q + 2*f = -3*f + 1730. Calculate the highest common factor of q and 54.
27
Suppose 0 = 11*b - 2934 + 877. Suppose -4*z + 2*y + 68 = -0*z, -2*z + 5*y = -34. What is the greatest common divisor of b and z?
17
Suppose -n - 3 = 0, b + 2*n = 5*n + 15. Let a be (-5)/(-1) - (8 - 10). Suppose r = a + 8. What is the highest common divisor of b and r?
3
Let w(m) = 25*m**3 - 2*m**2 + 5*m - 3. Let j be w(1). What is the greatest common divisor of j and 200?
25
Suppose -13*f + 169 + 65 = 0. What is the highest common factor of f and 15?
3
Suppose -5*x + 2*h = -565, -x + 126 = 24*h - 27*h. What is the highest common factor of 444 and x?
111
Suppose 2*d - p - 17 = 17, d = -p + 11. Suppose 0 = 36*t - 37*t + u + 246, 954 = 4*t + u. What is the highest common factor of d and t?
15
Let u(b) = 4*b + 70. Let s be u(-9). Calculate the highest common divisor of s and 85.
17
Suppose q + l + 1 = 5, 4*l = -2*q. Let z = -4 + q. Let p = 20 + -10. What is the greatest common divisor of z and p?
2
Let c be 226 - ((-9)/(-6) + 2/4). Let w = c + -160. What is the highest common factor of 24 and w?
8
Suppose -36*u + 34*u + 66 = 0. Calculate the highest common divisor of 44 and u.
11
Suppose 4*z - 54 = -18. Let b(x) = x**2 + 7*x - 2. Let t be b(-6). Let g be (5 + t)/(2/(-54)). Calculate the greatest common factor of z and g.
9
Let z be 42 + -1*(2 + -1). Suppose 4*n = 5*k + 3*n - 55, 3*k + n - z = 0. Let l be 84/(-9)*k/(-8). Calculate the highest common factor of l and 42.
14
Suppose -1 = 4*o + 3*h, -o - o - 5 = 3*h. Let t be (0 + -48)*o/(-4). Let g be (15/(-9))/(20/(-36)). What is the greatest common factor of g and t?
3
Let o = 518 + -366. What is the greatest common factor of o and 8?
8
Let d be 360/75 - 2/(-10). Suppose 0 = -d*f + 7*f - 8. Let o be 6/((-3)/(-16)*f). What is the greatest common divisor of 64 and o?
8
Suppose 3*w - 2*w - 26 = 0. Let p(s) = -s**2 - 3*s + 72. Let q be p(-10). What is the highest common factor of w and q?
2
Suppose 9*f - 254 - 25 = 0. What is the greatest common divisor of 124 and f?
31
Let k = 55 - 51. Let r = k + 3. What is the highest common divisor of 1 and r?
1
Let j be 4/10 + (-43)/(-5). Let i = -34 - -38. Let f be -6*(8/i - 26/4). Calculate the highest common divisor of f and j.
9
Let g(p) = -p**2 + 7 + 4 + 17*p**3 + 3*p + 4*p**3 - 13. Let f be g(1). What is the highest common factor of 7 and f?
7
Let r(f) = -f**2 - 7*f + 5. Let u be r(-6). Calculate the greatest common factor of u and 1386.
11
Suppose t + 63 = -2*t. Let u be 70/t + (-2)/3. Let g be (-2 - 2)/u*10. What is the greatest common factor of 10 and g?
10
Suppose 4*t - 4*n - 65 = -5, 4*n = 3*t - 44. Suppose 10 + 6 = 4*g. What is the highest common divisor of g and t?
4
Let r(b) = -b - 3. Let z be r(-3). Suppose 3*a - 9 = z, 3*t - 3*a - 3 = -0. Let d(c) = -c. Let w be d(-1). What is the highest common factor of t and w?
1
Suppose 2*k + 3*x = 10, k - x - x - 19 = 0. Let q(l) = 2*l**2 + 2*l - 1. Let r be q(-3). Let n = 11 + r. What is the greatest common factor of n and k?
11
Suppose -11*a - 58 = -12*a. Suppose -725 = -v - 4*v. Calculate the highest common factor of v and a.
29
Let y(t) = 3*t - 15. Let x be y(11). Suppose v - x = -v. Calculate the greatest common factor of 3 and v.
3
Suppose -52 = -19*h - 3111. Let g = 305 + h. Calculate the greatest common divisor of g and 9.
9
Let y(m) = -m**3 - 3*m - 3. Let j be y(-3). Suppose 6*o - 18 = 48. Calculate the greatest common divisor of j and o.
11
Let z = 11 + 18. Let b = z - 22. What is the highest common factor of b and 21?
7
Let g(w) = -5*w**2 + 5*w - 4. Let t be g(4). Let l = t + 163. Let v(u) = 8*u**2 - 3*u + 9. Let y be v(0). What is the greatest common divisor of y and l?
9
Let l(c) = 4*c - 3. Let w be l(2). Suppose -y + 18 + 11 = m, w*y = 5*m - 115. Suppose -390 = -4*s - 2*s. What is the greatest common factor of m and s?
13
Let u(i) be the third derivative of 0 + 2/3*i**3 - 8*i**2 + 0*i - 1/24*i**4. Let k be u(-7). Calculate the greatest common factor of 66 and k.
11
Suppose 14*f - 23*f = -450. Calculate the highest common divisor of f and 475.
25
Let z = -269 + 304. Calculate the greatest common factor of 175 and z.
35
Let o be 820/14 - (-6)/14. Suppose -4*k + 10 = 2. Suppose 72 - 17 = k*p + 5*d, -2*p = d - o. What is the highest common factor of p and 10?
10
Suppose -3*i + 28509 = 10*i. Calculate the greatest common divisor of i and 51.
51
Let c be (-3993)/(-66) - (-3)/(-3 - 3). What is the highest common divisor of c and 372?
12
Let y = 2 + 0. Let q be 4*(6 + 10/(-4)). What is the highest common factor of q and y?
2
Suppose -15*w = -32*w + 2618. Calculate the highest common factor of 21 and w.
7
Suppo